{"id":680,"date":"2020-11-08T21:24:47","date_gmt":"2020-11-08T20:24:47","guid":{"rendered":"http:\/\/anandena.fr\/?page_id=680"},"modified":"2024-09-05T12:20:52","modified_gmt":"2024-09-05T10:20:52","slug":"ayurveda","status":"publish","type":"page","link":"https:\/\/anandena.fr\/index.php\/ayurveda\/","title":{"rendered":"Ayurveda"},"content":{"rendered":"\n<p class=\"has-medium-font-size\"><strong>la m\u00e9decine traditionnelle indienne<\/strong><\/p>\n\n\n\n<p>L&#8217;ayurv\u00e9da&nbsp;est une forme de&nbsp;m\u00e9decine traditionnelle&nbsp;non conventionnelle&nbsp;originaire de l&#8217;Inde&nbsp;\u00e9galement. L\u2019Ayurveda est la science s\u0153ur du yoga.<\/p>\n\n\n\n<p>En sanskrit cela veut dire la \u00ab&nbsp;science de la vie&nbsp;\u00bb&nbsp;: de&nbsp;\u0101yus&nbsp;(vie)&nbsp;et&nbsp;veda&nbsp;(science, ou connaissance)&nbsp;\u2013 qui puise ses sources dans le&nbsp;V\u00e9da, ensemble de textes sacr\u00e9s de l&#8217;Inde antique.&nbsp;<\/p>\n\n\n\n<p>Il s&#8217;agit d&#8217;une approche m\u00e9dicale \u00ab&nbsp;holistique&nbsp;\u00bb&nbsp;datant de la&nbsp;civilisation v\u00e9dique&nbsp;et toujours pratiqu\u00e9e aujourd&#8217;hui, en Inde et ailleurs.<\/p>\n\n\n\n<p>L\u2019ayurv\u00e9da comprend&nbsp;: M\u00e9decine interne, T\u00eate et cou, Chirurgie, Toxicologie, P\u00e9diatrie, Rajeunissement, Aphrodisiaques, Psychologie.<\/p>\n\n\n\n<p>Mes consultations ayurv\u00e9diques sont essentiellement bas\u00e9es sur la connaissance de sa composition corporelle (les Doshas) pour mieux se comprendre soi-m\u00eame et arriver \u00e0 mieux g\u00e9rer son \u00e9quilibre avec les 5 \u00e9l\u00e9ments (terre, eau, feu, air, espace). Je donne des conseils pour mieux adapter son alimentation, sa routine au quotidien, ses activit\u00e9s sportives ou autres, pour rester en \u00e9quilibre et pr\u00e9venir les d\u00e9s\u00e9quilibres qui se transforment en maladie.<\/p>\n\n\n<div class=\"wp-block-image\">\n<figure class=\"aligncenter size-large\"><img loading=\"lazy\" decoding=\"async\" width=\"680\" height=\"357\" src=\"http:\/\/anandena.fr\/wp-content\/uploads\/2020\/11\/i136220-qu-est-ce-que-la-cuisine-ayurvedique.jpeg\" alt=\"\" class=\"wp-image-688\" srcset=\"https:\/\/anandena.fr\/wp-content\/uploads\/2020\/11\/i136220-qu-est-ce-que-la-cuisine-ayurvedique.jpeg 680w, https:\/\/anandena.fr\/wp-content\/uploads\/2020\/11\/i136220-qu-est-ce-que-la-cuisine-ayurvedique-300x158.jpeg 300w, https:\/\/anandena.fr\/wp-content\/uploads\/2020\/11\/i136220-qu-est-ce-que-la-cuisine-ayurvedique-230x121.jpeg 230w, https:\/\/anandena.fr\/wp-content\/uploads\/2020\/11\/i136220-qu-est-ce-que-la-cuisine-ayurvedique-350x184.jpeg 350w, https:\/\/anandena.fr\/wp-content\/uploads\/2020\/11\/i136220-qu-est-ce-que-la-cuisine-ayurvedique-480x252.jpeg 480w\" sizes=\"auto, (max-width: 680px) 100vw, 680px\" \/><\/figure>\n<\/div>\n\n\n<p>Voil\u00e0 enfin que je vous \u00e9cris sur l\u2019Ayurv\u00e9da\u2026&nbsp;<\/p>\n\n\n\n<p>Ma 2<sup>\u00e8me<\/sup>&nbsp;passion apr\u00e8s le Yoga, normal ces deux disciplines sont s\u0153urs, toutes les deux vous permettent de garder une bonne sant\u00e9 ou d\u2019y revenir.<\/p>\n\n\n\n<p>L&#8217;Ayurv\u00e9da m\u2019a ouvert les yeux sur bien des choses que mon corps et mon mental essayez de me dire, mais que je n\u2019\u00e9coutais pas&nbsp;!!!&nbsp;<\/p>\n\n\n\n<p>On entend souvent que nous sommes attir\u00e9s vers les choses qui sont bonnes pour nous, malheureusement \u00e7a n\u2019est pas toujours vrai\u2026 Nous sommes attir\u00e9s par les aliments que nous aimons, qui nous r\u00e9confortent, alors que nous gu\u00e9rissons par leurs contraires.&nbsp;<\/p>\n\n\n\n<p>C\u2019est ce que nous devons retenir de l\u2019ayurv\u00e9da.&nbsp;<\/p>\n\n\n\n<p>Est-ce que vous \u00eates capable de dire ce qui vous fait du bien et ce qui vous fait du mal dans votre alimentation&nbsp;? sans vous mentir&nbsp;!!!<\/p>\n\n\n\n<p>Est-ce que vous \u00eates capable de prendre suffisamment de recul mais aussi de temps, apr\u00e8s un repas, pour observer votre digestion&nbsp;??<\/p>\n\n\n\n<p>Est-ce que vous avez le courage de prendre les d\u00e9cisions qui s\u2019imposent pour changer vos mauvaises habitudes&nbsp;?? Si vous en avez&nbsp;;))<\/p>\n\n\n\n<p>Est-ce que vous avez la patience d\u2019attendre le r\u00e9sultat de ces changements&nbsp;??&nbsp;<\/p>\n\n\n\n<p>C\u2019est tout \u00e7a aussi l\u2019ayurv\u00e9da, et une fois que vous avez compris le principe, alors il ne vous viendra plus jamais \u00e0 l\u2019id\u00e9e de revenir en arri\u00e8re.<\/p>\n\n\n\n<p>Si vous voulez en savoir plus sur votre composition corporelle, votre Dosha (Vata, Pitta, Kapha), si vous avez des questions, n\u2019h\u00e9sitez pas \u00e0 me contacter, je serais tr\u00e8s heureuse de faire une consultation en ligne ou \u00e0 domicile et de vous donner des conseils pour am\u00e9liorer votre bien-\u00eatre physique et mental&nbsp;!<\/p>\n\n\n<div class=\"wp-block-image\">\n<figure class=\"aligncenter size-large is-resized\"><img loading=\"lazy\" decoding=\"async\" width=\"1000\" height=\"657\" src=\"http:\/\/anandena.fr\/wp-content\/uploads\/2020\/03\/vata-pitta-kapha-doshas-elements-yogavedas.jpg\" alt=\"\" class=\"wp-image-310\" style=\"width:577px;height:378px\" srcset=\"https:\/\/anandena.fr\/wp-content\/uploads\/2020\/03\/vata-pitta-kapha-doshas-elements-yogavedas.jpg 1000w, https:\/\/anandena.fr\/wp-content\/uploads\/2020\/03\/vata-pitta-kapha-doshas-elements-yogavedas-300x197.jpg 300w, https:\/\/anandena.fr\/wp-content\/uploads\/2020\/03\/vata-pitta-kapha-doshas-elements-yogavedas-768x505.jpg 768w, https:\/\/anandena.fr\/wp-content\/uploads\/2020\/03\/vata-pitta-kapha-doshas-elements-yogavedas-830x545.jpg 830w, https:\/\/anandena.fr\/wp-content\/uploads\/2020\/03\/vata-pitta-kapha-doshas-elements-yogavedas-230x151.jpg 230w, https:\/\/anandena.fr\/wp-content\/uploads\/2020\/03\/vata-pitta-kapha-doshas-elements-yogavedas-350x230.jpg 350w, https:\/\/anandena.fr\/wp-content\/uploads\/2020\/03\/vata-pitta-kapha-doshas-elements-yogavedas-480x315.jpg 480w\" sizes=\"auto, (max-width: 1000px) 100vw, 1000px\" \/><\/figure>\n<\/div>\n\n<div class=\"wp-block-image\">\n<figure class=\"aligncenter size-full is-resized\"><img loading=\"lazy\" decoding=\"async\" width=\"1006\" height=\"618\" src=\"http:\/\/anandena.fr\/wp-content\/uploads\/2024\/09\/tarifs-ayurveda.jpg\" alt=\"\" class=\"wp-image-2074\" style=\"width:562px;height:auto\" srcset=\"https:\/\/anandena.fr\/wp-content\/uploads\/2024\/09\/tarifs-ayurveda.jpg 1006w, https:\/\/anandena.fr\/wp-content\/uploads\/2024\/09\/tarifs-ayurveda-300x184.jpg 300w, https:\/\/anandena.fr\/wp-content\/uploads\/2024\/09\/tarifs-ayurveda-768x472.jpg 768w, https:\/\/anandena.fr\/wp-content\/uploads\/2024\/09\/tarifs-ayurveda-830x510.jpg 830w, https:\/\/anandena.fr\/wp-content\/uploads\/2024\/09\/tarifs-ayurveda-230x141.jpg 230w, https:\/\/anandena.fr\/wp-content\/uploads\/2024\/09\/tarifs-ayurveda-350x215.jpg 350w, https:\/\/anandena.fr\/wp-content\/uploads\/2024\/09\/tarifs-ayurveda-480x295.jpg 480w\" sizes=\"auto, (max-width: 1006px) 100vw, 1006px\" \/><figcaption class=\"wp-element-caption\">Screenshot<\/figcaption><\/figure>\n<\/div>\n\n<form action=\"https:\/\/www.paypal.com\/cgi-bin\/webscr\" method=\"post\" target=\"_top\">\n<input type=\"hidden\" name=\"cmd\" value=\"_s-xclick\"><br \/>\n<input type=\"hidden\" name=\"hosted_button_id\" value=\"J4NERUE2785M6\"><\/p>\n<table>\n<tr>\n<td><input type=\"hidden\" name=\"on0\" value=\"selectionnez votre tarif\">selectionnez votre tarif<\/td>\n<\/tr>\n<tr>\n<td><select name=\"os0\"><option value=\"bilan de constitution ayurv\u00e9dique\">bilan de constitution ayurv\u00e9dique \u20ac25,00 EUR<\/option><option value=\"entretien de bilan ayurvedique\">entretien de bilan ayurvedique \u20ac35,00 EUR<\/option><option value=\"entretien de suivi\">entretien de suivi \u20ac20,00 EUR<\/option><option value=\"yoga th\u00e9rapie et Ayurveda\">yoga th\u00e9rapie et Ayurveda \u20ac60,00 EUR<\/option><\/select> <\/td>\n<\/tr>\n<\/table>\n<p><input type=\"hidden\" name=\"currency_code\" value=\"EUR\"><br \/>\n<input type=\"image\" src=\"https:\/\/www.paypalobjects.com\/fr_FR\/FR\/i\/btn\/btn_buynowCC_LG.gif\" border=\"0\" name=\"submit\" alt=\"PayPal, le r\u00e9flexe s\u00e9curit\u00e9 pour payer en ligne\"><br \/>\n<img loading=\"lazy\" decoding=\"async\" alt=\"\" border=\"0\" src=\"https:\/\/www.paypalobjects.com\/fr_FR\/i\/scr\/pixel.gif\" width=\"1\" height=\"1\"><br \/>\n<\/form>\n\n\n\n<p class=\"has-text-align-center has-luminous-vivid-orange-color has-cyan-bluish-gray-background-color has-text-color has-background has-medium-font-size\"><strong>Anandena vous propose un nouveau programme de <\/strong>                                                  <strong>PRISE EN CHARGE HOLISTIQUE<\/strong><\/p>\n\n\n\n<figure class=\"wp-block-image size-large is-resized\"><img loading=\"lazy\" decoding=\"async\" width=\"658\" height=\"886\" src=\"http:\/\/anandena.fr\/wp-content\/uploads\/2022\/05\/PROG-HOLISTIQUE.jpg\" alt=\"\" class=\"wp-image-1344\" style=\"width:773px;height:1041px\" srcset=\"https:\/\/anandena.fr\/wp-content\/uploads\/2022\/05\/PROG-HOLISTIQUE.jpg 658w, https:\/\/anandena.fr\/wp-content\/uploads\/2022\/05\/PROG-HOLISTIQUE-223x300.jpg 223w, https:\/\/anandena.fr\/wp-content\/uploads\/2022\/05\/PROG-HOLISTIQUE-230x310.jpg 230w, https:\/\/anandena.fr\/wp-content\/uploads\/2022\/05\/PROG-HOLISTIQUE-350x471.jpg 350w, https:\/\/anandena.fr\/wp-content\/uploads\/2022\/05\/PROG-HOLISTIQUE-480x646.jpg 480w\" sizes=\"auto, (max-width: 658px) 100vw, 658px\" \/><\/figure>\n\n\n\n<p class=\"has-text-align-center has-black-color has-cyan-bluish-gray-background-color has-text-color has-background\"><strong>LES BASES DE L&#8217;AYURVEDA<\/strong><\/p>\n\n\n\n<figure class=\"wp-block-embed is-type-video is-provider-youtube wp-block-embed-youtube wp-embed-aspect-16-9 wp-has-aspect-ratio\"><div class=\"wp-block-embed__wrapper\">\n<iframe loading=\"lazy\" title=\"les bases de l&#039;ayurveda\" width=\"1170\" height=\"658\" src=\"https:\/\/www.youtube.com\/embed\/I0xizUvPDrs?feature=oembed\" frameborder=\"0\" allow=\"accelerometer; autoplay; clipboard-write; encrypted-media; gyroscope; picture-in-picture; web-share\" referrerpolicy=\"strict-origin-when-cross-origin\" allowfullscreen><\/iframe>\n<\/div><figcaption class=\"wp-element-caption\">vous avez d\u00e9j\u00e0 entendu parler de l\u2019Ayurveda mais vous  ne savez pas d\u2019o\u00f9 \u00e7a vient? et comment \u00e7a fonctionne?  ou bien vous n\u2019avez jamais entendu parler de l&#8217;Ayurveda et vous vous demandez ce que \u00e7a peut bien \u00eatre \ud83d\ude01                               vous allez trouver ici juste assez d\u2019information pour vous donner l\u2019envie de creuser un peu plus loin&#8230;.. <\/figcaption><\/figure>\n","protected":false},"excerpt":{"rendered":"<p>la m\u00e9decine traditionnelle indienne L&#8217;ayurv\u00e9da&nbsp;est une forme de&nbsp;m\u00e9decine traditionnelle&nbsp;non conventionnelle&nbsp;originaire de l&#8217;Inde&nbsp;\u00e9galement. L\u2019Ayurveda est la science s\u0153ur du yoga. En sanskrit cela veut dire la \u00ab&nbsp;science de la vie&nbsp;\u00bb&nbsp;: de&nbsp;\u0101yus&nbsp;(vie)&nbsp;et&nbsp;veda&nbsp;(science, ou connaissance)&nbsp;\u2013 qui puise ses sources dans le&nbsp;V\u00e9da, ensemble de textes sacr\u00e9s de l&#8217;Inde antique.&nbsp; Il s&#8217;agit d&#8217;une approche m\u00e9dicale \u00ab&nbsp;holistique&nbsp;\u00bb&nbsp;datant de la&nbsp;civilisation v\u00e9dique&nbsp;et toujours [&hellip;]<\/p>\n","protected":false},"author":1,"featured_media":0,"parent":0,"menu_order":0,"comment_status":"closed","ping_status":"closed","template":"","meta":{"footnotes":""},"class_list":["post-680","page","type-page","status-publish","hentry"],"_links":{"self":[{"href":"https:\/\/anandena.fr\/index.php\/wp-json\/wp\/v2\/pages\/680","targetHints":{"allow":["GET"]}}],"collection":[{"href":"https:\/\/anandena.fr\/index.php\/wp-json\/wp\/v2\/pages"}],"about":[{"href":"https:\/\/anandena.fr\/index.php\/wp-json\/wp\/v2\/types\/page"}],"author":[{"embeddable":true,"href":"https:\/\/anandena.fr\/index.php\/wp-json\/wp\/v2\/users\/1"}],"replies":[{"embeddable":true,"href":"https:\/\/anandena.fr\/index.php\/wp-json\/wp\/v2\/comments?post=680"}],"version-history":[{"count":16,"href":"https:\/\/anandena.fr\/index.php\/wp-json\/wp\/v2\/pages\/680\/revisions"}],"predecessor-version":[{"id":2076,"href":"https:\/\/anandena.fr\/index.php\/wp-json\/wp\/v2\/pages\/680\/revisions\/2076"}],"wp:attachment":[{"href":"https:\/\/anandena.fr\/index.php\/wp-json\/wp\/v2\/media?parent=680"}],"curies":[{"name":"wp","href":"https:\/\/api.w.org\/{rel}","templated":true}]}}